l(m)?
26
Let j(m) = 18*m**2 - m + 1. Let c be (-21)/(-6)*(-32)/(-7). Let b be 4/(c/(-6))*(-2)/3. What is j(b)?
18
Let u be ((-6)/4)/(22/(-44)) + -5. Let z(q) = -12*q + 2. Calculate z(u).
26
Let z(k) be the first derivative of -k**4/4 + k**3 + 5*k**2/2 - 2*k + 1. Let o(f) = -f**2 + 13*f - 8. Let h be ((-1)/2)/((-7)/168). Let s be o(h). Give z(s).
2
Let z(k) = -5*k**2 + 1. Let b = -1 + -1. Let i be (b - 0)*(-1 + 0). Let a be -1 + ((-6)/(-3) - i). Give z(a).
-4
Suppose 0 = -23*l + 48 + 343. Let z(c) = -c**3 + 16*c**2 + 19*c - 24. Calculate z(l).
10
Let u = -502 + 511. Let x(l) = l**2 - 5*l - 13. Give x(u).
23
Let j(f) be the first derivative of 2*f**3/3 + 5*f**2 - 6*f + 741. What is j(-5)?
-6
Let t(y) be the second derivative of y**3/6 + 7*y**2 - 3*y - 48. What is t(-8)?
6
Let k(u) = -18*u**2 + u. Suppose -2*d - d = 0. Suppose 3*s + 112 = 5*i, d*s - i - 82 = 3*s. Let t = s + 30. Calculate k(t).
-17
Let w(j) = 3*j - 6. Let x(i) = -24*i - 9. Let m(d) = 8*d + 3. Let y(o) = 11*m(o) + 4*x(o). Let n be y(-1). What is w(n)?
9
Let x(j) be the first derivative of 5/2*j**2 + 3 + j - 2/3*j**3. Suppose 15*q + 14 - 74 = 0. Determine x(q).
-11
Let o(r) be the second derivative of -2*r**2 + 0 + 1/6*r**3 + 14*r. What is o(5)?
1
Suppose -2*f + 34 = 2*f - 5*v, 4*f - 26 = v. Let y(r) = r + 8. Let j(l) = -3. Let o(u) = 7*j(u) + 2*y(u). What is o(f)?
7
Suppose -a + 8*a = 14. Let k(y) = 81*y**a + 77*y**2 - 3*y - 159*y**2. Calculate k(-2).
2
Suppose -15 + 1 = c + 4*a, 26 = -c + 2*a. Let o be 9/27*(-1 - c). Let t(f) = f**2 + 8*f + 2 + f**2 - o*f**2 - f**3. Calculate t(-6).
-10
Let l(g) = -11*g**3 - 5*g**2 - 7*g - 8. Let q(c) = 2*c**3 + 2*c + 1. Let i(m) = l(m) + 6*q(m). Determine i(4).
2
Let l(p) = 2*p**3 - 56*p**2 - 2*p + 62. Let d be l(28). Let t(v) = -2*v + 8. Let s(g) = -10*g + 40. Let m(b) = -2*s(b) + 11*t(b). Calculate m(d).
-4
Let t(x) = -4*x**2 + x. Let l be -9 + (0/(-3) - -10). Calculate t(l).
-3
Suppose -3*h = 1 + 14. Let v(m) = m**2 + m + 1. Let t(x) = x**2 - 3*x + 8. Let n(k) = t(k) - 2*v(k). Determine n(h).
6
Suppose -n - 7*f = -3*f - 23, -25 = -5*f. Let v(c) = -1 - 4 + 4 - 2*c. What is v(n)?
-7
Let i(o) = -9850 + 19653 - 3*o - 9834. Calculate i(-9).
-4
Let y(s) = 3*s - 5*s - 1 + 2. Let z(t) = -t**2 + 8*t. Let h be z(7). Let m(b) = -b**2 + 5*b + 16. Let q be m(h). Determine y(q).
-3
Suppose -5*t + 11 = -4. Suppose -2*q + p = -12, t*q - p - 20 = p. Let m(a) = -a**3 + 2*a - 2*a + 5 + q*a + 4*a**2. Give m(5).
0
Let b(h) = 8*h**2 + 30*h - 49. Let m(r) = -3*r**2 - 10*r + 17. Let g(j) = -4*b(j) - 11*m(j). What is g(6)?
-15
Let i(h) = 4 - 10*h - 10 - 12*h + 25*h. Calculate i(2).
0
Let n(k) = -k - 6. Let x be 336/28*(-3)/(-2). Let a be (45/x)/(3/(-2))*3. Determine n(a).
-1
Suppose 0 = -5*x + 2*k + 21, 0 = 2*x + 6*k - 2*k + 6. Let g be ((-8 - -2) + 4)*x/1. Let a(y) = y**3 + 5*y**2 - 6*y - 3. Determine a(g).
-3
Let r(m) = -m**3 + 13*m**2 - 13*m + 5. Suppose 0 = 4*n + 5*c - 53, 0 = 5*n - 0*n + 2*c - 62. What is r(n)?
-7
Let h be 118/(-6) + 4/(-12). Let g = -25 - h. Let b = g + 4. Let y(v) = -3*v. Give y(b).
3
Let q(p) = 1 + 4 + 6 + p**2 - 2*p. Let z(c) = c - 1. Let g(m) = -12*m + 138. Let y be g(11). Let x(b) = y*z(b) + q(b). Calculate x(-4).
5
Suppose 0 = 3*l + 2*l. Suppose l = -8*j + 3*j + 15. Let t(r) = -3 + 0 + 1 + r. Determine t(j).
1
Let u(v) = 4*v - 4 + 0*v**2 + v**2 - v. Suppose -2*n - n - 39 = -3*y, y - 11 = 3*n. Suppose 5*w + y = 2*f - 0*w, 2*f + w + 10 = 0. Determine u(f).
-4
Let q = 244 + 75. Let m(k) = -7*k**2 - 319*k + q*k. Give m(1).
-7
Let x(t) = 3*t**3 - 2*t. Let f = 197 + -195. What is x(f)?
20
Suppose 0 = p + 11 - 15. Suppose p*b - 10*b = 36. Let y(r) = -r - 5. Calculate y(b).
1
Let y(o) = -o**2 - 8*o - 8. Let w = 13 - 0. Suppose -3*c = -w + 34. Calculate y(c).
-1
Let i(o) = o. Suppose -2*c + 20 = 2*c. Suppose -5*q - 5 = -5*z + c, 6 = -4*q + 2*z. Let l be 10/20*12/q. What is i(l)?
-6
Let a(d) = d + 4. Let l be a(1). Suppose o - 2 + 10 = -3*n, -l*n - 11 = 4*o. Let z(w) = -w**3 - 5*w**2 + w. Give z(n).
-21
Let k(w) = w**3 - 3*w**2 - 4*w - 8. Let d be k(4). Let a(l) = -3*l - 29. What is a(d)?
-5
Let g(r) = 4*r**3 + r**2 - r. Let p be (9/(-3))/1 - -1 - -4. Determine g(p).
34
Let w(g) = -5*g - g**2 + 1 + 3 - 10 + 7 - 3 + g**3. Give w(-3).
-23
Let n(q) = -2*q**2 + q - 2. Let z(v) = 2*v**2 - 2*v + 3. Let j(r) = 4*n(r) + 3*z(r). Let m be (-16)/(-12) + 9/((-81)/(-6)). Give j(m).
-11
Let x(h) = -3*h - 2. Let j be 5*((-8)/(-5))/4. Suppose 6 = -j*o - 0. What is x(o)?
7
Let l = 37 - 63. Let t = -30 - l. Let g(y) = 2*y + 5*y**2 - 23 + 2*y**3 + 20 - y**3. What is g(t)?
5
Let x(r) = 2*r - 2 - 3*r + 0 + 1. Suppose -5*p + 61 = -4*v, 4*v + 0 - 2 = -2*p. Let m = p + -6. Determine x(m).
-4
Let b be 0 - (4 + (-7 - -1)). Let a(k) = -3 + 0*k - k**2 + 2*k**2 + b - 6*k. What is a(6)?
-1
Let z(a) = a**2 + 6*a - 1. Let g = -10 + -1. Let c be (-5 - -3)*(g - -3). Suppose -l = 3*v + 20, -4*v + 0 = -4*l + c. Give z(v).
-1
Let u(o) = -o**2 - 12*o - 2. Let b be -8 - 9*(-8)/(-36). Determine u(b).
18
Let h(w) = -w + 0*w + 3*w**3 - w - 5*w**3 - 3*w**2. Let m(a) = 3*a**3 + 3*a**2 + 2*a. Let n(c) = 4*h(c) + 3*m(c). Let q be -2*((-3 - 0) + 1). Determine n(q).
8
Let l(y) = -y**2 - 5*y - 3. Suppose 17 = -3*o + 5*w, -3*w = -2*o + 1 - 12. Let u be (o/(-5))/((-30)/225). Give l(u).
-9
Let j(p) = -58*p - 6. Let k(t) = -11*t - 1. Let z(w) = 2*j(w) - 11*k(w). Determine z(3).
14
Let a(c) = 2*c**2 + 4*c + 3. Let u = 7 - 9. Let d be (-10)/(-4) + (-1)/u. Suppose 2*w = d*w + 2. Give a(w).
3
Let i(m) = -1027*m**2 + 4 + 2*m + 3*m + 1031*m**2 + m**3. Give i(-4).
-16
Suppose 0 = z + 8 - 3. Let m(y) be the third derivative of y**6/360 + y**5/24 - y**4/24 + y**3/3 - 3*y**2. Let k(a) be the first derivative of m(a). Give k(z).
-1
Let y(g) = -8 + 31 - 8 + g - 14. Determine y(-2).
-1
Suppose a - 16 = 3*s, 4 = -8*s + 6*s + 2*a. Let i(r) = r**3 + 7*r**2 + 2*r + 15. Calculate i(s).
1
Let z(y) = y + 17. Let h(c) = 41*c - 6. Let w be h(3). Let b = -129 + w. Calculate z(b).
5
Let m(x) = 3*x**3 + 4*x**2 + 8*x - 11. Let v(w) = -5*w**3 - 9*w**2 - 17*w + 21. Let l(p) = 7*m(p) + 4*v(p). Give l(9).
-20
Let i(n) = -21 + 7*n**3 + 19 + 41*n + n**2 - 42*n. Give i(-1).
-7
Let g = -1 + 4. Let d(p) = 10*p**2 + p. Let k be d(1). Let c(b) = 11 + b - k - g*b. Give c(2).
-4
Suppose 0 = s + 4*j + 2 + 16, -4 = -4*s + 3*j. Let o be 9 + -10 + s + 6. Let p(f) = 3*f - 1. Calculate p(o).
8
Let h(o) be the third derivative of o**5/60 + o**4/3 + 17*o**3/6 + 492*o**2. Determine h(-4).
1
Let z(f) = f**3 - 1. Let p(g) = 6*g**2 + 5*g + 3. Suppose -69 + 72 = 3*h. Let c(k) = h*z(k) + p(k). Determine c(-5).
2
Let d(g) = 20*g - 8. Let q(n) = 57*n - 22. Let x(a) = -17*d(a) + 6*q(a). What is x(-6)?
-8
Let l(s) = -s**2 - s + 4. Let u be l(0). Let h(k) be the second derivative of k**5/20 - k**4/3 - k**3/3 - k**2 - 1008*k. Determine h(u).
-10
Let d(q) = 3*q**2 - 4*q + 13. Let j(x) = 13*x**2 - 16*x + 53. Let h(u) = 9*d(u) - 2*j(u). Let y(m) be the first derivative of h(m). Calculate y(5).
6
Let n(o) = 9*o - 1. Suppose 7*m - 18 = 4*m. Suppose m*b - 50 = b. Suppose -5*t - 4*z = -21, -3*t - b = -4*z + 3. Give n(t).
8
Let o(v) = 2*v - 2*v + 0*v + v - 8. Let m be ((-9)/18)/((-2)/136). Let j = m - 28. What is o(j)?
-2
Let m(d) = -2*d - 2*d**2 - 3*d**3 + 25 - 15 - 2*d - 12. Determine m(-1).
3
Let m(d) = -d**3 + d + 1. Let j(r) = 5*r**3 + 7*r**2 - 12*r. Let c(l) = -j(l) - 6*m(l). Let a(x) = 12*x + 42. Let y be a(-3). Calculate c(y).
-6
Let v(o) = -5*o**2 - 14*o**3 - 9 + 5*o**3 + 10*o**3 + 3*o - 8*o. Determine v(6).
-3
Let q(v) = 6*v - 2*v - 2*v + 1. Let k(p) = 2*p + 1. Let o(i) = 5*k(i) - 6*q(i). Let m(g) = 1. Let d(h) = 4*m(h) + o(h). What is d(6)?
-9
Let r(v) = -2*v - 2*v + 2*v + 6. Suppose -9*a + 5 + 40 = 0. Calculate r(a).
-4
Let b(r) = r + 1. Let n(p) = 2*p - 1. Let t = 20 - 19. Let y(k) = t*n(k) - 3*b(k). Give y(-8).
4
Let a(b) be the second derivative of b**4/12 - 13*b**3/6 - 13*b**2/2 + 54*b. Determine a(14).
1
Let t(m) = 3*m**2 - 48*m - 49. Let o be t(17). Let w(f) = -18*f + 2. Determine w(o).
-34
Let t(u) = -5. Let p(d) = d + 1. Let i(n) = 4*p(n) + t(n). Suppose -4*x = 2*w - 4*w - 18, -9 = 3*w + 3*x. Let c = w + 4. What is i(c)?
-5
Let b(q) = q + 7. Suppose -2*t = 37 - 29. Let i(c) = -c**3 - 3*c**2 + 3*c - 3. Let u be i(t). Let s be (u/2)/(4/(-48)).